9955940?
5
What is the tens digit of 34778948?
4
What is the ten millions digit of 28035688?
2
What is the millions digit of 138138128?
8
What is the ten millions digit of 4039565577?
3
What is the billions digit of 1573063875?
1
What is the hundred thousands digit of 163194002?
1
What is the ten thousands digit of 26866906?
6
What is the units digit of 134535155?
5
What is the ten millions digit of 194120846?
9
What is the hundreds digit of 782663085?
0
What is the tens digit of 1783091299?
9
What is the thousands digit of 22375343?
5
What is the hundred thousands digit of 727783310?
7
What is the hundreds digit of 522626037?
0
What is the hundreds digit of 70494720?
7
What is the millions digit of 340842807?
0
What is the hundred millions digit of 991658269?
9
What is the ten millions digit of 976380609?
7
What is the tens digit of 36542887?
8
What is the ten thousands digit of 121530809?
3
What is the units digit of 5048486639?
9
What is the units digit of 125015779?
9
What is the units digit of 83736303?
3
What is the thousands digit of 144503698?
3
What is the ten thousands digit of 21106209?
0
What is the units digit of 1326844663?
3
What is the hundred thousands digit of 281632906?
6
What is the hundred thousands digit of 301231248?
2
What is the hundred thousands digit of 113577807?
5
What is the units digit of 1996986193?
3
What is the hundreds digit of 29238100?
1
What is the hundreds digit of 8400578166?
1
What is the hundred millions digit of 181560797?
1
What is the billions digit of 2705732594?
2
What is the ten millions digit of 46346424?
4
What is the units digit of 7561908?
8
What is the hundreds digit of 5129443276?
2
What is the units digit of 3258218492?
2
What is the ten millions digit of 14167421?
1
What is the units digit of 1876672720?
0
What is the ten thousands digit of 9272223?
7
What is the millions digit of 2671553?
2
What is the thousands digit of 354138866?
8
What is the hundreds digit of 191143577?
5
What is the hundreds digit of 22796124?
1
What is the hundreds digit of 519565200?
2
What is the tens digit of 658097721?
2
What is the hundred millions digit of 4891596202?
8
What is the hundreds digit of 315320223?
2
What is the hundred thousands digit of 57565193?
5
What is the units digit of 35730261?
1
What is the ten millions digit of 402536492?
0
What is the units digit of 992016348?
8
What is the tens digit of 46610710?
1
What is the millions digit of 2503735318?
3
What is the hundred thousands digit of 486123712?
1
What is the units digit of 179529298?
8
What is the tens digit of 1661230841?
4
What is the thousands digit of 40573813?
3
What is the billions digit of 4403495249?
4
What is the millions digit of 120127158?
0
What is the ten thousands digit of 334095344?
9
What is the hundred thousands digit of 97935552?
9
What is the ten thousands digit of 2178395217?
9
What is the hundred millions digit of 2599018426?
5
What is the ten millions digit of 3238102883?
3
What is the units digit of 21860760?
0
What is the ten thousands digit of 4621585993?
8
What is the millions digit of 2104316729?
4
What is the thousands digit of 40058574?
8
What is the hundred thousands digit of 438347057?
3
What is the units digit of 2510230575?
5
What is the ten thousands digit of 575549089?
4
What is the units digit of 15152624?
4
What is the hundred millions digit of 6826220856?
8
What is the billions digit of 1091403732?
1
What is the ten thousands digit of 4093555469?
5
What is the thousands digit of 446656332?
6
What is the thousands digit of 1467250103?
0
What is the hundred millions digit of 1777367603?
7
What is the ten millions digit of 6967378990?
6
What is the thousands digit of 368922401?
2
What is the tens digit of 2597904607?
0
What is the units digit of 236541727?
7
What is the thousands digit of 2181357833?
7
What is the millions digit of 15281722?
5
What is the millions digit of 160764961?
0
What is the millions digit of 10289872?
0
What is the units digit of 18523680?
0
What is the tens digit of 674282576?
7
What is the ten thousands digit of 110131957?
3
What is the hundred thousands digit of 22167953?
1
What is the ten thousands digit of 5233602699?
0
What is the units digit of 34686089?
9
What is the hundred thousands digit of 68517585?
5
What is the ten millions digit of 722560063?
2
What is the ten millions digit of 171443417?
7
What is the hundred thousands digit of 333567005?
5
What is the tens digit of 4116527479?
7
What is the hundred thousands digit of 51317350?
3
What is the units digit of 7051467?
7
What is the tens digit of 132734627?
2
What is the hundreds digit of 66024141?
1
What is the ten thousands digit of 28400166?
0
What is the thousands digit of 87911299?
1
What is the ten thousands digit of 212986660?
8
What is the millions digit of 136528616?
6
What is the hundred thousands digit of 52535380?
5
What is the ten millions digit of 343536114?
4
What is the hundred thousands digit of 37453218?
4
What is the ten thousands digit of 3024312043?
1
What is the millions digit of 133548748?
3
What is the millions digit of 2946538753?
6
What is the hundreds digit of 349940?
9
What is the hundred thousands digit of 490440571?
4
What is the units digit of 164107527?
7
What is the billions digit of 1169216403?
1
What is the ten millions digit of 1489007231?
8
What is the millions digit of 8714068?
8
What is the units digit of 146969249?
9
What is the thousands digit of 220999567?
9
What is the hundred millions digit of 1343016993?
3
What is the hundred millions digit of 104355953?
1
What is the thousands digit of 1560149241?
9
What is the units digit of 123575397?
7
What is the units digit of 2243963993?
3
What is the tens digit of 2527088373?
7
What is the ten millions digit of 1133671239?
3
What is the units digit of 6271029734?
4
What is the units digit of 217218897?
7
What is the millions digit of 56534196?
6
What is the hundreds digit of 4377951?
9
What is the ten thousands digit of 87933955?
3
What is the millions digit of 133494324?
3
What is the millions digit of 917004148?
7
What is the hundred thousands digit of 18720847?
7
What is the ten thousands digit of 82139881?
3
What is the hundred thousands digit of 5531068409?
0
What is the thousands digit of 41096131?
6
What is the ten millions digit of 460424735?
6
What is the millions digit of 152563184?
2
What is the ten millions digit of 917224063?
1
What is the millions digit of 93753568?
3
What is the ten millions digit of 46083774?
4
What is the ten millions digit of 40748432?
4
What is the thousands digit of 228913014?
3
What is the hundred thousands digit of 79357124?
3
What is the tens digit of 58977183?
8
What is the hundred thousands digit of 244151166?
1
What is the hundreds digit of 28125632?
6
What is the tens digit of 38774127?
2
What is the millions digit of 401844294?
1
What is the ten millions digit of 2464105144?
6
What is the ten thousands digit of 66742094?
4
What is the ten thousands digit of 254235128?
3
What is the ten thousands digit of 147172667?
7
What is the hundred thousands digit of 36094422?
0
What is the thousands digit of 1235036505?
6
What is the tens digit of 158696977?
7
What is the hundreds digit of 367804554?
5
What is the tens digit of 340051378?
7
What is the ten millions digit of 27744056?
2
What is the ten thousands digit of 1504571738?
7
What is the billions digit of 1070148907?
1
What is the billions digit of 3862132168?
3
What is the hundred thousands digit of 13148752?
1
What is the ten thousands digit of 50182551?
8
What is the millions digit of 41040245?
1
What is the hundred thousands digit of 39325029?
3
What is the hundred thousands digit of 176478382?
4
What is the hundreds digit of 227745429?
4
What is the tens digit of 134319173?
7
What is the ten millions digit of 103412430?
0
What is the ten thousands digit of 83820896?
2
What is the ten millions digit of 6506536282?
0
What is the millions digit of 150747369?
0
What is the millions digit of 2217138325?
7
What is the hundred thousands digit of 63277907?
2
What is the ten millions digit of 32216673?
3
What is the ten millions digit of 135075709?
3
What is the hundred thousands digit of 269679414?
6
What is the units digit of 173140432?
2
